the tens digit of n(6)?
2
Let n be -3*(-1)/(-4)*4. Let v = n + 7. Suppose 5*m - 9 = h, 2*h + v = -2*m - 2*m. What is the units digit of m?
1
Suppose -a - 13 + 6 = 0. Let x = 7 - a. What is the tens digit of x?
1
Suppose 0*o + 8 = 2*o. Let y = o + 17. What is the tens digit of y?
2
Suppose -2*n + 96 = 66. What is the tens digit of n?
1
Let i(n) = -9*n + 6. What is the tens digit of i(-3)?
3
Suppose 0*w = 6*w - 2070. What is the tens digit of w?
4
Let n = 15 - -36. What is the units digit of n?
1
Let p(a) = a + 7. Let x be p(-12). What is the tens digit of 1/x + (-112)/(-10)?
1
Let s(d) be the second derivative of -d**3/6 + 13*d**2 + 3*d. What is the units digit of s(0)?
6
Let s(u) = -u**2 + 9*u - 7. Let b = 8 + -1. What is the units digit of s(b)?
7
Let u = -69 - -126. What is the tens digit of u?
5
Let g = -24 + 76. What is the units digit of g?
2
Suppose 23 = 4*k - 5. Let m(w) = w**3 - 2*w**2 + 2. Let p be m(3). Let n = p - k. What is the units digit of n?
4
Suppose 4*t = 6*t - 26. What is the tens digit of t?
1
Let b be (7/1 - 3)*-29. What is the tens digit of b/(-12)*(-3)/(-1)?
2
Let y(m) = m + 15. Let c be y(0). Let r = 38 - c. What is the tens digit of r?
2
Let w(d) = 6*d + 15. What is the units digit of w(15)?
5
Let i = 8 - 12. Let j(y) = -2*y - 4. Let n be j(i). Suppose 0 = n*q + 2*d - 50, 4*q + 5*d - 44 + 3 = 0. What is the units digit of q?
4
Suppose -t + 4 = 10. Let p = -3 - t. Suppose 8*y = p*y + 40. What is the units digit of y?
8
Let z(o) be the second derivative of o**5/20 - 5*o**4/12 + 7*o**3/6 - 7*o**2/2 + o. What is the units digit of z(5)?
8
Let z = 69 + -21. Suppose h - 16 = -5*t, -5*t - z = -h - 2*h. What is the tens digit of h?
1
Suppose 6*d + 2 = 3*d + 2*m, -3*d + 3*m = 3. Let o be (d + 0)*2/4. Suppose 1 = 2*u - 3*u, o = k - u - 6. What is the units digit of k?
5
Let t = 136 + -105. What is the tens digit of t?
3
Suppose -m + 11 = 4*m - s, 4*m - 8 = s. Suppose 37 - 4 = m*q. Suppose -q = -3*h + 22. What is the tens digit of h?
1
Let r = 52 + 89. Suppose n - 4*n = -r. What is the units digit of n?
7
Let n(x) = x**3 - 8*x**2 + 9*x + 13. What is the units digit of n(8)?
5
Let c(r) = -r**2 + 13*r - 11. Let n = -2 - -5. Suppose 2*q - 5*q = 4*h - 41, -3*q = -n*h - 27. What is the tens digit of c(q)?
1
Suppose -2*w + 52 = -36. Let z be -2 + (-1)/(2/(-4)). Suppose 3*k = -p + 16, 5*p - 3*k = -z*p + w. What is the units digit of p?
0
Let q(x) = x**2 + x - 20. What is the tens digit of q(12)?
3
Suppose 4*u - a = 13, -4*u + 2*a + 28 = -2*a. Let t be 3*4*2/(-6). What is the units digit of u/t - (-15)/2?
7
Let a(s) = s**2 + 8*s + 7. Let k be a(-7). Suppose k = -r + 5*r. Suppose -6 + r = -2*j. What is the units digit of j?
3
Suppose 4*j + 0*j = 12. Suppose -4*v = -2*p + 3 + 1, -4*v - j*p = -16. What is the units digit of v?
1
Suppose -9 + 21 = g. Suppose 2*w = 2*j - j - g, w = -2. What is the units digit of j?
8
Let b = 29 - 26. What is the units digit of b?
3
Suppose -3*g + 14 = 5. What is the units digit of 4/((-4)/(-3))*g?
9
What is the tens digit of 8/40 - 1448/(-10)?
4
Suppose 5*g - 39 = 5*b + g, 0 = 2*b + 2*g + 12. Let f = b + 0. Let o = -2 - f. What is the units digit of o?
5
Suppose 3 + 8 = v. What is the tens digit of v?
1
What is the tens digit of 2380/30 - (-4)/6?
8
Suppose -p - 3*a - 1 = -49, -74 = -3*p + 5*a. What is the tens digit of p?
3
Suppose 16*d - 10275 = -9*d. What is the tens digit of d?
1
Let v = 19 + 15. Let g = v + -16. What is the tens digit of g?
1
Let p(t) be the third derivative of -7*t**4/24 + t**3/6 - 4*t**2. Let m be p(-2). Suppose -2*y + y = -m. What is the tens digit of y?
1
Let m = 34 - 23. Suppose -5*x + m + 4 = 0. Suppose -2*o - 3*n + 16 = 0, 2*o - x*o + 6 = 2*n. What is the tens digit of o?
1
Let w be (2 - (3 + 2)) + 2. Let l be (w/3)/(5/(-45)). Suppose -l*a + 11 = -10. What is the units digit of a?
7
Let x(u) = u**3 - u**2 + 4. Let s be x(0). Suppose 13 = -s*t - 11. Let l = t + 8. What is the units digit of l?
2
Suppose 2*i - 562 - 76 = 0. What is the tens digit of i?
1
Suppose -3*c + 59 = -175. What is the tens digit of c?
7
Let n = 16 + -9. Let b be n + 19 + (-2)/2. Suppose -2*r - 3*r + b = 0. What is the units digit of r?
5
Suppose 3*u - 3*y = 20 + 13, 4*u + y - 64 = 0. What is the units digit of (48/u)/(4/10)?
8
Let t(o) be the first derivative of o**3/3 - o**2 + 4*o + 2. Let w be t(3). Suppose -4*x + 38 = -2*a, w*x = 3*x + a + 35. What is the units digit of x?
8
Let k = 87 - 52. What is the units digit of k?
5
Let z be 2 + (2 + -1 - 0). Suppose c + z*l = 5, -l - 4*l = 2*c - 10. What is the units digit of c?
5
What is the units digit of (-6)/(-10) - 142/(-5)?
9
Let l(v) = -2 + 0*v**2 + 3 - 5*v**2 - 5*v + 4*v**2. What is the units digit of l(-3)?
7
Suppose 0*r = 2*r. Suppose r = 6*h - 4*h - 18. What is the units digit of h?
9
Suppose -3 = -3*d, 2*i - d = 1 + 2. Suppose -5*u + i*u = 30. Let o = u - -15. What is the units digit of o?
5
Suppose -25 = 5*d, -4*h + 3*d + d + 20 = 0. What is the units digit of (82/(-6) - h)*-3?
1
Let t = -13 + 24. Let n = t - 6. What is the units digit of n?
5
Let k(i) be the third derivative of -i**4/6 - i**3/6 - i**2. Let m be (7 + -8)*(-2)/(-2). What is the units digit of k(m)?
3
Suppose 0 = 4*s + 4*z + 28, 3*z = s + 2*z + 5. Let c = 9 - s. What is the units digit of c?
5
Suppose -2*p = 2*y - 11 - 9, -32 = -5*y + 4*p. What is the units digit of 23/1 + -6 + y?
5
Suppose 7 = 2*v + 1. Suppose 22 = v*o + 4*q, o - 2*o + q + 5 = 0. What is the units digit of o?
6
Suppose 3*s = 78 + 93. What is the units digit of s?
7
Let k = 103 - 58. What is the tens digit of k?
4
Let a(c) = -2*c**2 - 6*c - 5. Let x be a(-3). Let t = 7 + -13. What is the tens digit of ((-3 - t)*x)/(-1)?
1
Let z(h) = -2*h + 9. Suppose -5*x + 13 = -5*d - 32, 3*x - 9 = 0. What is the tens digit of z(d)?
2
What is the units digit of (-82)/3*3/(-2)?
1
Let b = 508 - 289. What is the tens digit of b?
1
Let i(p) = 7*p + 11. Let j(v) = 3*v + 8 + 9 - 5*v + 12*v. Let r(d) = -7*i(d) + 5*j(d). What is the units digit of r(-7)?
1
Let l = -34 + 81. What is the units digit of l?
7
Let z(o) = o**2 + 2*o - 4. Let t be z(2). What is the units digit of 25 + 1/(1/t)?
9
Let r = 17 - 4. Let q = 8 - r. What is the units digit of (1 - 31)*2/q?
2
Suppose -7*y + 3*y = -16, -5*t + 3*y = 82. Let f(s) = -23*s**3 + s**2. Let g be f(1). Let d = t - g. What is the units digit of d?
8
Suppose -5*m + 5*x = -15, m - 4*x - 3 = -0*m. Let r(t) = t + 1. Let p be r(m). Let b(n) = n**3 - 2*n**2 - 2*n - 3. What is the units digit of b(p)?
1
What is the hundreds digit of (-3)/4 + 91/52 + 141?
1
What is the tens digit of (196/(-6))/((-12)/72)?
9
Suppose y + 5*c = -0*c + 10, 0 = 5*y + 3*c - 138. What is the tens digit of y?
3
Let o(y) = 2*y + 1. Let b(k) = 2*k - 2. Let t be b(3). What is the units digit of o(t)?
9
Let c = 2 + 3. Suppose -c*p + 10 = -35. What is the units digit of p?
9
Suppose -548 = -6*t + 2*t. What is the tens digit of t?
3
Let v = 14 - 0. Suppose -v = g - n + 4*n, 5*g = -n. What is the units digit of g?
1
Suppose 0 = -0*i - i - 5*q + 22, 4*i + 4*q - 88 = 0. What is the units digit of i?
2
Suppose -4*r = -h + 4*h + 6, 5*h = 2*r - 36. What is the units digit of h*(3 - (-14)/(-4))?
3
Suppose 5*j - 6 = -21. Let m be (-3 + -20 - j)/1. Let p = 37 + m. What is the tens digit of p?
1
Let w be (-25)/2 - 6/4. Let f = w - -38. What is the tens digit of f?
2
Suppose -l + 106 = 28. What is the tens digit of l?
7
Let p be 8/3 + (-2)/3. Let j = -1 + p. Suppose -f + j + 0 = 0. What is the units digit of f?
1
Let b(g) = -g**2 + g + 2. Let c be b(2). Suppose s + 3*q = -11, -2*s = -c*s - 2*q - 10. What is the units digit of s?
1
Let c be (0 - -1) + (-1)/(-1). Suppose 5*b = -0*b + 25, 3 = c*t - b. What is the units digit of t?
4
Let m be 4/(-6)*9/2. Let i = m + 1. Let x = 12 - i. What is the tens digit of x?
1
Suppose -28*g + 24*g = -708. What is the units digit of g?
7
Suppose 0*v + 19 = 3*v + 4*f, 2*f = 3*v - 13. Suppose -13 = -v*t + 22. Let l = t - 4. What is the units digit of l?
3
What is the tens digit of (-2)/8*-2 + (-12818)/(-68)?
8
Suppose 3*q = -120 - 45. Let y = 82 + q. Let s = y + -15. What is the tens digit of s?
1
Let q = 4 - 4. Suppose g - v - 1 = q, v - 6 = -2. Let s = g + 0. What is the units digit of s?
5
Let x(c) = -c**2 + 17*c